{"id":102756,"date":"2022-06-16T15:02:27","date_gmt":"2022-06-16T20:02:27","guid":{"rendered":"https:\/\/santa-priscila.com\/Quito\/?post_type=product&#038;p=102756"},"modified":"2026-02-21T06:35:59","modified_gmt":"2026-02-21T11:35:59","slug":"filete-de-tilapia-mediano-funda-de-2-libras-aprox-8-unidades","status":"publish","type":"product","link":"https:\/\/santa-priscila.com\/Quito\/product\/filete-de-tilapia-mediano-funda-de-2-libras-aprox-8-unidades\/","title":{"rendered":"FILETE DE TILAPIA MEDIANO 3-5 OZ (Funda de 2 libras, aprox. 8 unidades)."},"content":{"rendered":"<p>La tilapia es uno de los productos de Industria Pesquera Santa Priscila con mayor aporte de energ\u00eda y el m\u00e1s bajo de calor\u00edas. Una porci\u00f3n de 100 gramos de tilapia de Santa Priscila a la plancha proporciona 120 calor\u00edas y 20 gramos de prote\u00edna aproximadamente. Los filetes de filete de tilapia que vienen en este empaque son perfectos para preparar de 8 a 12 porciones al vapor, a la plancha, al horno, o fritas las puedes disfrutarlas una deliciosa ensalada preferida. Para mantener este producto en \u00f3ptimas condiciones, lo m\u00e1s indicado es mantenerlo en congelaci\u00f3n y el tiempo de vida \u00fatil de este producto es de un a\u00f1o.<\/p>\n","protected":false},"excerpt":{"rendered":"<p>Las tilapias org\u00e1nicas de Santa Priscila, crecen sin hormonas y sin antibi\u00f3ticos. Su proceso de pesca y empaque se realizan el mismo d\u00eda manteniendo la respectiva l\u00ednea de refrigeraci\u00f3n. En este empaque de 2 libras de tilapia y se pueden preparar de 8 a 12 porciones.<\/p>\n","protected":false},"featured_media":102754,"comment_status":"open","ping_status":"closed","template":"","meta":[],"_links":{"self":[{"href":"https:\/\/santa-priscila.com\/Quito\/wp-json\/wp\/v2\/product\/102756"}],"collection":[{"href":"https:\/\/santa-priscila.com\/Quito\/wp-json\/wp\/v2\/product"}],"about":[{"href":"https:\/\/santa-priscila.com\/Quito\/wp-json\/wp\/v2\/types\/product"}],"replies":[{"embeddable":true,"href":"https:\/\/santa-priscila.com\/Quito\/wp-json\/wp\/v2\/comments?post=102756"}],"wp:featuredmedia":[{"embeddable":true,"href":"https:\/\/santa-priscila.com\/Quito\/wp-json\/wp\/v2\/media\/102754"}],"wp:attachment":[{"href":"https:\/\/santa-priscila.com\/Quito\/wp-json\/wp\/v2\/media?parent=102756"}],"curies":[{"name":"wp","href":"https:\/\/api.w.org\/{rel}","templated":true}]}}