{"id":102496,"date":"2021-09-24T15:56:12","date_gmt":"2021-09-24T20:56:12","guid":{"rendered":"https:\/\/santa-priscila.com\/Quito\/?post_type=product&#038;p=102496"},"modified":"2026-01-20T12:48:28","modified_gmt":"2026-01-20T17:48:28","slug":"filetes-de-salmon-2-libras-7-filetes","status":"publish","type":"product","link":"https:\/\/santa-priscila.com\/Quito\/product\/filetes-de-salmon-2-libras-7-filetes\/","title":{"rendered":"FILETES DE SALM\u00d3N 2 LIBRAS (7 Filetes)"},"content":{"rendered":"<p style=\"text-align: justify;\">El Salm\u00f3n importado es uno de los productos de Industrial Pesquera Santa Priscila. El producto contiene aproximadamente de 7 a 6 unidades por empaque de 2 libras, son perfectas para preparar al vapor, a la plancha, al horno, o fritos. Las puedes disfrutarlas con una deliciosa ensalada al gusto. Para mantener este producto en \u00f3ptimas condiciones, lo m\u00e1s indicado es mantenerlo en congelaci\u00f3n y el tiempo de vida \u00fatil de este producto es de un a\u00f1o.<\/p>\n","protected":false},"excerpt":{"rendered":"<p style=\"text-align: justify;\">El Salm\u00f3n importado es uno de los productos de Industrial Pesquera Santa Priscila. El producto contiene aproximadamente de 7 a 6 unidades por empaque de 2 libras, son perfectas para preparar al vapor, a la plancha, al horno, o fritos.<\/p>\n<p style=\"text-align: justify;\">Las puedes disfrutarlas con una deliciosa ensalada al gusto. Para mantener este producto en \u00f3ptimas condiciones, lo m\u00e1s indicado es mantenerlo en congelaci\u00f3n y el tiempo de vida \u00fatil de este producto es de un a\u00f1o.<\/p>\n","protected":false},"featured_media":102497,"comment_status":"open","ping_status":"closed","template":"","meta":[],"_links":{"self":[{"href":"https:\/\/santa-priscila.com\/Quito\/wp-json\/wp\/v2\/product\/102496"}],"collection":[{"href":"https:\/\/santa-priscila.com\/Quito\/wp-json\/wp\/v2\/product"}],"about":[{"href":"https:\/\/santa-priscila.com\/Quito\/wp-json\/wp\/v2\/types\/product"}],"replies":[{"embeddable":true,"href":"https:\/\/santa-priscila.com\/Quito\/wp-json\/wp\/v2\/comments?post=102496"}],"wp:featuredmedia":[{"embeddable":true,"href":"https:\/\/santa-priscila.com\/Quito\/wp-json\/wp\/v2\/media\/102497"}],"wp:attachment":[{"href":"https:\/\/santa-priscila.com\/Quito\/wp-json\/wp\/v2\/media?parent=102496"}],"curies":[{"name":"wp","href":"https:\/\/api.w.org\/{rel}","templated":true}]}}

FILETES DE SALMÓN 2 LIBRAS (7 Filetes)

<p style="text-align: justify;">El Salmón importado es uno de los productos de Industrial Pesquera Santa Priscila. El producto contiene aproximadamente de 7 a 6 unidades por empaque de 2 libras, son perfectas para preparar al vapor, a la plancha, al horno, o fritos. Las puedes disfrutarlas con una deliciosa ensalada al gusto. Para mantener este producto en óptimas condiciones, lo más indicado es mantenerlo en congelación y el tiempo de vida útil de este producto es de un año.</p>

<p style="text-align: justify;">El Salmón importado es uno de los productos de Industrial Pesquera Santa Priscila. El producto contiene aproximadamente de 7 a 6 unidades por empaque de 2 libras, son perfectas para preparar al vapor, a la plancha, al horno, o fritos.</p>
<p style="text-align: justify;">Las puedes disfrutarlas con una deliciosa ensalada al gusto. Para mantener este producto en óptimas condiciones, lo más indicado es mantenerlo en congelación y el tiempo de vida útil de este producto es de un año.</p>
